 - 6. Give b(6).
534
Let w(b) = 58*b**2 + 1675*b - 19. Determine w(-29).
184
Let k(q) = -3590*q - 829275. Calculate k(-231).
15
Let x(v) = 42614*v + 127835. Give x(-3).
-7
Let t(m) = -m**2 - 255*m - 4065. Calculate t(-17).
-19
Let x(f) = 7*f**2 - 679*f - 7304. Give x(-11).
1012
Let l(x) = -2*x**2 - 22099*x - 771001. What is l(-35)?
14
Let k(r) = -r**2 - 113*r - 3019. Calculate k(-41).
-67
Let l(j) = 874*j + 11425. Give l(-13).
63
Let i(m) = 24*m**3 + 17427*m**2 + 2194*m + 11569. Give i(-726).
-47
Let z(i) = i**3 + 9*i**2 - 300*i - 4148. Determine z(-15).
-998
Let x(v) = -2*v**2 - 516*v - 4914. Give x(-250).
-914
Let k(f) = -f**3 + 148*f**2 - 138*f - 1353. What is k(147)?
-30
Let j(b) = 2711*b - 292742. What is j(108)?
46
Let d(g) = 14*g**2 + 187*g + 404. Calculate d(-11).
41
Let i(o) = 8*o**2 - 128*o - 141. Give i(31).
3579
Let f(j) = 2*j**3 + 645*j**2 + 1544*j - 17943. What is f(-320)?
-23
Let l(y) = 143356*y - 1863620. Give l(13).
8
Let p(o) = o**3 + 4*o**2 + 483*o + 2845. Determine p(-6).
-125
Let y(l) = 1720*l + 156233. What is y(-91)?
-287
Let s(a) = 32940*a + 5731512. Determine s(-174).
-48
Let x(y) = 1428*y**2 + 105*y - 68. Determine x(1).
1465
Let d(o) = -o**3 - 273*o**2 + 5202*o - 10204. Calculate d(-291).
272
Let p(f) = f**3 - 41*f**2 - 31*f - 2020. Determine p(43).
345
Let m(w) = 19524*w**2 + 58557*w - 62. Determine m(-3).
-17
Let b(h) = -150*h + 2350. Determine b(15).
100
Let v(a) = -27*a**3 + 269*a**2 - 162*a + 1527. What is v(9)?
2175
Let g(v) = v**2 + 483*v - 43120. What is g(77)?
0
Let n(y) = y**3 - 100*y**2 - 528*y + 19020. Determine n(12).
12
Let l(c) = c**3 + 185*c**2 + 7911*c - 5014. What is l(-117)?
251
Let w(u) = 2*u**2 - 9689*u + 96754. Determine w(10).
64
Let i(l) = 13*l**3 + 69*l**2 + 94*l + 27. Determine i(-2).
11
Let b(m) = 2*m**2 + 283*m + 7538. What is b(-108)?
302
Let l(t) = 476*t**2 + 41458*t + 4017. What is l(-87)?
15
Let z(g) = -21408*g - 42735. Calculate z(-2).
81
Let a(o) = -o**3 - 8*o**2 - 89*o - 563. Give a(-9).
319
Let k(u) = u**3 + 54*u**2 - 430*u - 4317. Calculate k(-60).
-117
Let z(t) = -t**2 + 2645*t + 148460. What is z(-55)?
-40
Let w(b) = -1761*b + 24707. Determine w(14).
53
Let b(r) = -32*r**2 + 782*r + 82. Calculate b(22).
1798
Let n(a) = -3*a**3 - 342*a**2 + 12*a + 1342. Give n(-114).
-26
Let j(u) = u**3 + 117*u**2 - 488*u - 326. What is j(-121)?
158
Let s(b) = 5081*b - 213263. Determine s(42).
139
Let f(y) = -77*y + 9967. What is f(133)?
-274
Let z(r) = -r**2 - 1066*r + 52258. What is z(47)?
-53
Let j(g) = 939*g - 24649. Determine j(27).
704
Let f(o) = 9796*o - 656353. Calculate f(67).
-21
Let n(i) = -22*i**2 + 322*i + 2048. What is n(-5)?
-112
Let a(q) = q**3 + 48*q**2 - 1374*q - 922. Give a(-68).
30
Let k(f) = 42*f**2 - 582*f - 107. Give k(14).
-23
Let q(l) = -l**3 + 72*l**2 + 1000*l + 256. Determine q(-12).
352
Let i(r) = -4422*r - 393566. What is i(-89)?
-8
Let y(j) = 4*j**2 + 369*j + 8304. What is y(-39)?
-3
Let z(x) = x**3 + 12*x**2 + 22318*x + 111417. Determine z(-5).
2
Let j(y) = -211*y - 4571. Determine j(-20).
-351
Let d(q) = 2*q**2 - 11761*q + 23521. Determine d(2).
7
Let s(i) = 5*i**3 - 67*i**2 + 156*i + 11. Give s(4).
-117
Let n(p) = -3*p**3 + 33*p**2 - 1356*p + 14906. What is n(11)?
-10
Let x(w) = w**2 + 28*w - 624. Give x(21).
405
Let u(o) = -124*o - 16000. Determine u(-128).
-128
Let z(d) = -8322*d - 60932. What is z(-7)?
-2678
Let s(f) = 1675*f + 121814. Calculate s(-74).
-2136
Let r(p) = 17*p - 2179. Calculate r(84).
-751
Let t(z) = -2*z**2 + 1348*z - 11938. Give t(9).
32
Let q(n) = 43*n**3 + 478*n**2 + 1071*n - 14. Calculate q(-8).
-6
Let t(c) = 986*c + 403284. Give t(-409).
10
Let o(d) = -d**3 + 25*d**2 + 58*d + 1. Calculate o(-2).
-7
Let o(g) = 15285*g - 917097. Give o(60).
3
Let w(x) = -320*x + 25545. Give w(78).
585
Let o(x) = -x**3 - 281*x**2 - 835*x - 339. Give o(-278).
-61
Let h(p) = -3*p**2 - 299*p - 170. What is h(-100)?
-270
Let u(p) = 3*p**2 + 225*p - 16. What is u(-76)?
212
Let b(a) = -456*a - 10670. Give b(-23).
-182
Let k(z) = 90*z + 7063. Give k(-64).
1303
Let s(g) = -40557*g + 2636119. Give s(65).
-86
Let l(m) = -2*m**2 - 396*m - 11437. Give l(-161).
477
Let w(j) = 59*j**2 - 2767*j - 246. Give w(47).
36
Let o(a) = -65013*a - 130041. Give o(-2).
-15
Let p(f) = 2563*f + 53475. Give p(-21).
-348
Let i(x) = 17*x**2 - 195*x - 209. Determine i(17).
1389
Let m(s) = 48*s**2 + 1847*s + 13039. Determine m(-29).
-156
Let y(g) = 20*g**3 - 5323*g**2 + 795*g + 795. Calculate y(266).
-3
Let x(a) = 13*a**3 + 806*a**2 - 14*a - 738. Give x(-62).
130
Let j(x) = 2*x**2 + 179*x - 2668. Calculate j(13).
-3
Let t(p) = -2*p**3 + 116*p**2 + 162*p + 56. Determine t(59).
2652
Let y(v) = 10359*v + 424681. What is y(-41)?
-38
Let x(i) = -157*i + 1327. What is x(14)?
-871
Let z(v) = -461486*v + 19843905. Determine z(43).
7
Let s(g) = -216*g - 7863. Give s(-36).
-87
Let k(g) = 3*g**2 - 175*g + 2003. What is k(39)?
-259
Let h(s) = 75*s**3 - 226*s**2 - 62*s + 194. Determine h(3).
-1
Let i(r) = -3*r**2 - 2713*r + 32821. What is i(12)?
-167
Let c(l) = -l**2 - 26840*l - 15487502. Calculate c(-590).
-2
Let p(i) = i**3 + 88*i**2 - 361*i - 45830. What is p(-86)?
8
Let m(v) = 2063*v + 17095. Determine m(-8).
591
Let j(b) = -b**3 - 7*b**2 - 362*b - 3900. Calculate j(-11).
566
Let u(r) = 1733*r + 30358. Determine u(-17).
897
Let o(w) = 14*w**2 + 1172*w + 23379. What is o(-51)?
21
Let k(v) = -41*v - 13412. Calculate k(-327).
-5
Let p(k) = -1350*k + 28356. Calculate p(21).
6
Let y(o) = -71*o**3 + 4*o**2 - 115*o + 213. Calculate y(2).
-569
Let z(h) = 107454*h - 322354. Determine z(3).
8
Let v(z) = -13*z**2 - 17501*z + 154470. Give v(-1355).
0
Let m(f) = 679*f - 234202. What is m(345)?
53
Let j(w) = -w**3 - 13*w**2 - 39*w - 278. Give j(-20).
3302
Let k(i) = -13444*i - 11373592. What is k(-846)?
32
Let s(b) = 741*b**3 - 2*b**2 - 596*b + 1190. Give s(2).
5918
Let i(b) = 4460086*b - 26760511. Calculate i(6).
5
Let p(l) = -719*l + 7272. Give p(10).
82
Let t(s) = -116*s - 1159. Calculate t(-15).
581
Let i(x) = 4594*x - 156459. Give i(34).
-263
Let v(f) = 108*f**2 + 1768*f - 3559. What is v(2)?
409
Let g(m) = -313*m**3 - 11288*m**2 - 719*m + 53. Calculate g(-36).
17
Let u(i) = -6074*i + 443335. Determine u(73).
-67
Let b(c) = -c**3 - 18*c**2 + 83*c - 455. Calculate b(-22).
-345
Let p(r) = -2*r**3 - 461*r**2 + 230*r - 250. Give p(-231).
-19
Let c(i) = -741*i**2 + 21431*i - 84. Determine c(29).
-1766
Let u(k) = -5*k**2 + 449*k - 2789. Calculate u(7).
109
Let l(y) = 379*y + 10687. Give l(-29).
-304
Let b(w) = 6*w**2 - 316*w - 5452. What is b(-15)?
638
Let p(u) = u**2 + 135*u + 3062. What is p(-100)?
-438
Let n(q) = -q**3 - 205*q**2 - 10759*q - 25893. Calculate n(-100).
7
Let d(r) = 5145*r - 92658. Calculate d(18).
-48
Let a(q) = 17*q**3 - 1062*q**2 - 555*q - 748. What is a(63)?
8
Let n(p) = 274*p + 1263. Give n(-5).
-107
Let z(s) = 16*s**2 - 151*s - 247. Determine z(11).
28
Let h(n) = -85268*n - 25409863. Calculate h(-298).
1
Let x(i) = 16*i**3 - 239*i**2 - 30*i + 175. Calculate x(15).
-50
Let b(p) = 3*p**3 + 24*p**2 - 2934*p - 31137. What is b(-11)?
48
Let s(v) = -594*v**2 + 3*v - 8. Determine s(1).
-599
Let a(s) = -207*s - 4882. Determine a(-23).
-121
Let j(t) = -t**3 + 24*t**2 - 36*t - 379. Give j(22).
-203
Let l(a) = -3376*a**2 - 20230*a + 2. What is l(-6)?
-154
Let o(k) = 85*k**2 - 10919*k - 17055. Calculate o(130).
-25
Let f(l) = 2*l**2 + 3709*l + 36942. Determine f(-10).
52
Let w(s) = -1121*s - 2356. Give w(-3).
1007
Let r(c) = 504*c - 99819. What is r(198)?
-27
Let l(s) = -10802*s - 86438. Calculate l(-8).
-22
Let z(w) = w**3 + 20*w**2 - 96*w - 656. What is z(-23)?
-35
Let q(p) = -p**3 - 705*p**2 + 53403*p - 2438. Calculate q(-774).
-116
Let m(w) = -w**2 - 986*w - 60651. Determine m(-66).
69
Let d(g) = 279*g**2 + 5555*g - 79. Determine d(-20).
421
Let x(z) = 69571*z + 347590. Determine x(-5).
-265
Let d(c) = 134*c**2 - 1581*c + 36. Calculate d(12).
360
Let v(b) = -b**3 - 10*b**2 - 727*b - 8289. Calculate v(-11).
-171
Let o(v) = -4*v**2 - 1348*v - 50569. Determine o(-43).
-1
Let a(m) = -194*m**3 + 3104*m**2 - 55*m - 41. Give a(16).
-921
Let k(a) = 3*a**3 - 188*a**2 - 34*a - 330. What is k(63)?
1497
Let q(x) = 93*x + 4626. What is q(-54)?
-396
Let v(l) = l**3 + 423*l**2 - 4994*l - 95473. Determine v(-434)